{"id":382,"date":"2017-12-18T11:42:07","date_gmt":"2017-12-18T10:42:07","guid":{"rendered":"http:\/\/christian-perl.at\/?page_id=382"},"modified":"2023-01-03T23:33:35","modified_gmt":"2023-01-03T22:33:35","slug":"netzwerkmoderation","status":"publish","type":"page","link":"http:\/\/christian-perl.at\/en\/netzwerkmoderation\/","title":{"rendered":"Netzwerkmoderation"},"content":{"rendered":"<h2>Netzwerkmoderation\u00b9<\/h2>\n<h2>Wie k\u00f6nnen wir institutionelle Netzwerke erfolgreich gestalten und moderieren?<\/h2>\n<p>Netzwerkarbeit geh\u00f6rt zur beruflichen Notwendigkeit in vielen Arbeitsfeldern. Vom Austausch bis zur Kooperation, von der Interessensvertretung bis zur Angebotsplanung &#8211; institutionelle Netzwerke sollen Perspektivenvielfalt und Synergien erm\u00f6glichen.<\/p>\n<p>Nicht selten sind Netzwerktreffen aber f\u00fcr Fachkr\u00e4fte ein weiterer ungeliebter Termin im allzu vollen Terminkalender: wiederkehrende Vorstellungsrunden, lange Diskussionen, wenig greifbare Ergebnisse und schleppendes Engagement sind die Folgen fehlender Planung und unzureichender Moderation.<\/p>\n<p>F\u00fcr erfolgreiche Netzwerkarbeit sind daher Gestaltung und Moderation von Netzwerk &#8211; Veranstaltungen wichtige Aufgaben. Dadurch wird der Rahmen daf\u00fcr gesteckt, ob und wie die Beteiligten sich einbringen k\u00f6nnen, wie Verbindlichkeit gef\u00f6rdert wird und ob am Ende alle das Gef\u00fchl haben, dass sich ihr Einsatz lohnt.<\/p>\n<hr \/>\n<h2>Aktuelles Schulungsangebot<\/h2>\n<h2>Online Seminar Special:<br \/>\nNetzwerke erfolgreich gestalten und moderieren<\/h2>\n<p data-wahfont=\"17\"><strong>zeitlicher Ablauf:<\/strong><br \/>\nMontag 07. November 2022, 09:00 bis 16:30<br \/>\nDienstag 08. November 2021, 09:00 bis 16:30<\/p>\n<p data-wahfont=\"17\"><strong>das Training findet Online auf Zoom Professional statt<\/strong><\/p>\n<p data-wahfont=\"17\"><strong>n\u00e4here Informationen und Anmeldung unter:<br \/>\n<\/strong>o&#102;&#x66;&#x69;c&#101;&#x40;&#x63;h&#114;&#x69;&#x73;t&#105;&#x61;&#x6e;-&#112;&#x65;&#x72;l&#46;&#97;&#x74;<br \/>\n+43 (0)699\/18113855 <strong><br \/>\n<\/strong><\/p>\n<p data-wahfont=\"17\"><strong>Kosten:<\/strong> EUR 360,- (+20% Ust.)<strong><br \/>\n<\/strong>Fr\u00fchbucherbonus bis 16. Sept. 2022: EUR 320,- (+ 20% Ust.); <strong><br \/>\nVery Early Bird Tarif\u00a0 <\/strong>bis 7. Sept. 2022: <strong>EUR 290,- (+ 20% Ust.)<\/strong><strong><br \/>\n<\/strong><\/p>\n<p data-wahfont=\"17\">TrainerInnen:<strong><br \/>\n<a href=\"https:\/\/www.anita-hueseman.de\/\">Anita H\u00fcseman<\/a><\/strong>, Hamburg: Moderatorin, Theaterp\u00e4dagogin und systemische Organisationsberaterin<br \/>\n<strong>Christian Perl<\/strong>, Wien: Moderator, Moderationstrainer und Kommunikationsberater<\/p>\n<p data-wahfont=\"17\"><div id=\"accordions-778\" class=\"accordions-778 accordions\">\r\n                <div id=\"accordions-lazy-778\" class=\"accordions-lazy\">\r\n                    <\/div>\r\n        <script>\r\n            (function($) {\r\n                $(window).on(\"load\", function() {\r\n                    $('#accordions-lazy-778').fadeOut();\r\n                    $('#accordions-778 .items').fadeIn();\r\n                })\r\n            })(jQuery);\r\n        <\/script><style type='text\/css'>\r\n        @media only screen and (min-width: 1024px) {\r\n            #accordions-778 {\r\n                width: 100%;\r\n                            }\r\n        }\r\n\r\n        @media only screen and (min-width: 768px) and (max-width: 1023px) {\r\n            #accordions-778 {\r\n                width: 100%;\r\n                            }\r\n        }\r\n\r\n        @media only screen and (min-width: 0px) and (max-width: 767px) {\r\n            #accordions-778 {\r\n                width: 100%;\r\n                            }\r\n        }\r\n\r\n        #accordions-778 .items {\r\n            display: none;\r\n        }\r\n\r\n        #accordions-778 .accordions-lazy {\r\n            text-align: center;\r\n            position: absolute;\r\n            top: 50%;\r\n            left: 50%;\r\n            transform: translate(-50%, -50%);\r\n        }\r\n\r\n        #accordions-778 {\r\n            text-align: left;\r\n            background: #ffffff url() repeat scroll 0 0;\r\n            position: relative;\r\n        }\r\n\r\n        #accordions-778 .accordions-head {\r\n            background: #ffffff none repeat scroll 0 0;\r\n            outline: none;\r\n        }\r\n\r\n        #accordions-778 .accordions-head-title {\r\n            color: #000000;\r\n            font-size: 17px;\r\n                    }\r\n\r\n        #accordions-778 .accordions-head-title-toggle {\r\n            color: #000000;\r\n            font-size: 17px;\r\n                    }\r\n\r\n        #accordions-778 .accordions-head:hover .accordions-head-title {\r\n            color: #ffffff;\r\n                    }\r\n\r\n        #accordions-778 .ui-state-active {\r\n            background: #ffffff;\r\n            border: none;\r\n        }\r\n\r\n        #accordions-778 .accordion-content {\r\n            background: #ffffff none repeat scroll 0 0;\r\n            color: #000000;\r\n            font-size: 17px;\r\n            border: none;\r\n        }\r\n\r\n        #accordions-778 .accordion-icons {\r\n            color: #000000;\r\n            font-size: 17px;\r\n                    }\r\n\r\n        #accordions-778 .accordions-head:hover .accordion-icons span {\r\n                    }\r\n\r\n        #accordions-778{font-family: 'Georgia', serif !important; font-size: 100% !important; color: #111 !important; }\r\n#accordions-778.accordions-head{font-family: 'Georgia', serif !important; font-size: 100% !important; color: #111 !important;}\r\n#accordions-778.accordion-content{font-family: 'Georgia', serif !important; font-size: 100% !important; color: #11 !important1;}    <\/style>\r\n<div class=\"items\">\r\n                        <div post_id=\"778\" itemcount=\"0\"   header_id=\"header-0\" id=\"header-0\" style=\"\" class=\"accordions-head head0 border-none\" toggle-text=\"\" main-text=\"Mehr dazu:\">\r\n                                            <span id=\"accordion-icons-0\" class=\"accordion-icons\">\r\n                            <span class=\"accordion-icon-active accordion-plus\"><i class=\"fa fa-chevron-up\"><\/i><\/span>\r\n                            <span class=\"accordion-icon-inactive accordion-minus\"><i class=\"fa fa-chevron-down\"><\/i><\/span>\r\n                        <\/span>\r\n                        <span id=\"header-text-0\" class=\"accordions-head-title\">Mehr dazu:<\/span>\r\n                                    <\/div>\r\n                <div class=\"accordion-content content0\">\r\n                    <h1>Online Seminar Special:<\/h1>\n<h2>\"Wie k\u00f6nnen wir unsere Netzwerke erfolgreich gestalten und moderieren?\"<\/h2>\n<p>Vom Informationsaustausch bis zur Kooperation, von der gemeinsamen Fortbildung bis zur Angebotsplanung \u2013 <strong>institutionelle Netzwerke<\/strong> sollen Perspektivenvielfalt und Synergien erm\u00f6glichen. Nicht selten sind Netzwerktreffen aber f\u00fcr Fachkr\u00e4fte ein weiterer ungeliebter Termin im eh zu vollen Kalender: wiederkehrende Vorstellungsrunden, lange Diskussionen, wenig greifbare Ergebnisse, schleppendes Engagement sind die Folgen fehlender Planung und unzureichender Moderation.<\/p>\n<p><strong>Gestaltung und Moderation von institutionellen Netzwerken <\/strong>sind deshalb wichtige Aufgaben. Damit wird der Rahmen gesteckt daf\u00fcr, ob und wie die Beteiligten sich einbringen k\u00f6nnen, wie Verbindlichkeit gef\u00f6rdert wird und ob am Ende alle das Gef\u00fchl haben, dass sich ihr Einsatz lohnt.<\/p>\n<p><strong>Netzwerkarbeit Online<\/strong> ist dabei nicht nur eine Herausforderung, sondern auch eine gro\u00dfe Chance f\u00fcr die Beteiligten \u2013 gerade, wenn Akteure aus verschiedenen Regionen zusammenkommen.<\/p>\n<p>In diesem speziellen Training zur <strong>Gestaltung und Moderation<\/strong> <strong>von (Online-) Netzwerktreffen<\/strong><\/p>\n<ul>\n<li>erhalten Sie eine Einf\u00fchrung in das Grundverst\u00e4ndnis institutioneller Netzwerke: ihre wesentlichen Merkmale und Arten, und unter welchen Bedingungen sie erfolgreich arbeiten k\u00f6nnen<\/li>\n<li>lernen Sie, was es braucht um Netzwerke nachhaltig zu gr\u00fcnden aber auch lebendig erhalten zu k\u00f6nnen<\/li>\n<li>\u00fcberlegen wir gemeinsam wie das Spannungsfeld zwischen Koordination, Steuerung und Partizipation in Netzwerken bestm\u00f6glich gemeistert werden kann und wie ich als ModeratorIn auch Teil des Netzwerkes sein und mit unterschiedlichen H\u00fcten jonglieren kann<\/li>\n<li>reflektieren Sie mit anderen \u00fcber die besonderen Chancen, aber auch Grenzen von virtueller Netzwerkarbeit<\/li>\n<li>entwickeln Sie erste Ideen f\u00fcr die professionelle Gestaltung Ihrer Netzwerkarbeit als Videokonferenz oder in Pr\u00e4senz<\/li>\n<\/ul>\n<p>Methodisch stellen wir Ihnen eine <strong>Auswahl erlebnis- und handlungsorientierter Moderationsmethoden<\/strong> f\u00fcr eine gewinnbringende Netzwerkarbeit zur Verf\u00fcgung:<\/p>\n<ul>\n<li>Kennenlernen und Vernetzung - oder: wie Kontakt entsteht;<\/li>\n<li>Dialog statt Diskussion - oder: wie ein konstruktiver Austausch in Netzwerken gelingt;<\/li>\n<li>Pro Action Caf\u00e9: wenn nicht alle alles gemeinsam besprechen m\u00fcssen und dennoch alle gleichzeitig am gemeinsamen Ziel arbeiten<\/li>\n<li>Tools, Tipps und Tricks f\u00fcr eine lebendige partizipative und abwechslungsreiche Netzwerk-Moderation Face to Face, aber auch Online<\/li>\n<\/ul>\n<p><strong>Geeignet f\u00fcr<\/strong> Netzwerk-, Projektmanager:innen und\u00a0 Koordinator:innen, Moderator:innen und Fachkr\u00e4fte, die im Rahmen ihrer beruflichen T\u00e4tigkeit in institutionellen Netzwerken arbeiten oder sich in diesen engagieren<\/p>\n<h2>Leitung:<\/h2>\n<h6><img class=\"alignnone size-medium wp-image-758\" src=\"https:\/\/christian-perl.at\/wp-content\/uploads\/2018\/01\/anita_hueseman_2-300x200.jpg\" alt=\"\" width=\"300\" height=\"200\" \/><br \/>\nFoto: \u00a9 Haj\u00fc Artus | Anita H\u00fcseman<\/h6>\n<h2>Anita H\u00fcseman, Hamburg<\/h2>\n<p>Moderatorin und systemische Beraterin in Deutschland, Spiel- und Theaterp\u00e4dagogin, Dipl. Sozialp\u00e4dagogin. Seit 20 Jahren t\u00e4tig in der Moderation von (gro\u00dfen) Gruppen, der Prozessbegleitung von Organisationen und Netzwerken und der Konzeptionierung und Durchf\u00fchrung von Unternehmenstheater<\/p>\n<h6><a href=\"https:\/\/christian-perl.at\/wp-content\/uploads\/2017\/12\/selbstbestimmt_10.jpg\"><img class=\"alignnone size-medium wp-image-261\" src=\"https:\/\/christian-perl.at\/wp-content\/uploads\/2017\/12\/selbstbestimmt_10-300x200.jpg\" alt=\"\" width=\"300\" height=\"200\" \/><br \/>\n<\/a>Foto:\u00a0\u00a9 Michael Janousek\u00a0\u0399 Behindertenrat<\/h6>\n<h2>Christian Perl, Wien<\/h2>\n<p>Moderator und Moderationstrainer im Non-Profit und Profit-Bereich, dialogischer Prozessbegleiter, partizipative Veranstaltungsorganisation und Moderationen nach dem \u201eArt of Hosting\u201c Modell, praxisorientierte Forschungsprojekte zu den Themen Sozialraumorientierung, Gemeinwesenarbeit und Integration gemeinsam mit der Donau Universit\u00e4t Krems; Gr\u00fcnder von und Mitglied in mehreren Netzwerken: www.christian-perl.at<\/p>\n                <\/div>\r\n            <\/div>\r\n    <script>\r\n        (function($) {\r\n\r\n            $(document).ready(function() {\r\n                accordions_active_index_778 = [];\r\n                        })\r\n        })(jQuery);\r\n    <\/script>    <script>\r\n        (function($) {\r\n            $(document).ready(function() {\r\n                accordion_778 = $(\"#accordions-778 .items\").accordion({\r\n                    event: \"click\",\r\n                    collapsible: true,\r\n                    heightStyle: \"content\",\r\n                    animate: (\"swing\", 1000),\r\n                    navigation: true,\r\n                    active: 999,\r\n                    beforeActivate: function(event, ui) {\r\n\r\nif(ui.newHeader[0] != undefined){\r\nvar disabled = ui.newHeader[0].getAttribute('disabled');\r\n\r\nconsole.log(disabled);\r\nif(disabled == 'disabled'){\r\nevent.preventDefault();\r\n}\r\n    \r\n\r\n\r\n}\r\n\r\n},\r\n                });\r\n            })\r\n        })(jQuery);\r\n    <\/script>\r\n                <\/div><\/p>","protected":false},"excerpt":{"rendered":"<p>Netzwerkmoderation\u00b9 Wie k\u00f6nnen wir institutionelle Netzwerke erfolgreich gestalten und moderieren? Netzwerkarbeit geh\u00f6rt zur beruflichen Notwendigkeit in vielen Arbeitsfeldern. Vom Austausch bis zur Kooperation, von der Interessensvertretung bis zur Angebotsplanung &#8211; institutionelle Netzwerke sollen Perspektivenvielfalt und Synergien erm\u00f6glichen. Nicht selten sind Netzwerktreffen aber f\u00fcr Fachkr\u00e4fte ein weiterer ungeliebter Termin im allzu vollen Terminkalender: wiederkehrende Vorstellungsrunden, lange [&hellip;]<\/p>","protected":false},"author":1,"featured_media":393,"parent":0,"menu_order":0,"comment_status":"closed","ping_status":"closed","template":"","meta":[],"_links":{"self":[{"href":"http:\/\/christian-perl.at\/en\/wp-json\/wp\/v2\/pages\/382"}],"collection":[{"href":"http:\/\/christian-perl.at\/en\/wp-json\/wp\/v2\/pages"}],"about":[{"href":"http:\/\/christian-perl.at\/en\/wp-json\/wp\/v2\/types\/page"}],"author":[{"embeddable":true,"href":"http:\/\/christian-perl.at\/en\/wp-json\/wp\/v2\/users\/1"}],"replies":[{"embeddable":true,"href":"http:\/\/christian-perl.at\/en\/wp-json\/wp\/v2\/comments?post=382"}],"version-history":[{"count":92,"href":"http:\/\/christian-perl.at\/en\/wp-json\/wp\/v2\/pages\/382\/revisions"}],"predecessor-version":[{"id":3119,"href":"http:\/\/christian-perl.at\/en\/wp-json\/wp\/v2\/pages\/382\/revisions\/3119"}],"wp:featuredmedia":[{"embeddable":true,"href":"http:\/\/christian-perl.at\/en\/wp-json\/wp\/v2\/media\/393"}],"wp:attachment":[{"href":"http:\/\/christian-perl.at\/en\/wp-json\/wp\/v2\/media?parent=382"}],"curies":[{"name":"wp","href":"https:\/\/api.w.org\/{rel}","templated":true}]}}

<h2>Netzwerkmoderation¹</h2>
<h2>Wie können wir institutionelle Netzwerke erfolgreich gestalten und moderieren?</h2>
<p>Netzwerkarbeit gehört zur beruflichen Notwendigkeit in vielen Arbeitsfeldern. Vom Austausch bis zur Kooperation, von der Interessensvertretung bis zur Angebotsplanung &#8211; institutionelle Netzwerke sollen Perspektivenvielfalt und Synergien ermöglichen.</p>
<p>Nicht selten sind Netzwerktreffen aber für Fachkräfte ein weiterer ungeliebter Termin im allzu vollen Terminkalender: wiederkehrende Vorstellungsrunden, lange Diskussionen, wenig greifbare Ergebnisse und schleppendes Engagement sind die Folgen fehlender Planung und unzureichender Moderation.</p>
<p>Für erfolgreiche Netzwerkarbeit sind daher Gestaltung und Moderation von Netzwerk &#8211; Veranstaltungen wichtige Aufgaben. Dadurch wird der Rahmen dafür gesteckt, ob und wie die Beteiligten sich einbringen können, wie Verbindlichkeit gefördert wird und ob am Ende alle das Gefühl haben, dass sich ihr Einsatz lohnt.</p>
<hr />
<h2>Aktuelles Schulungsangebot</h2>
<h2>Online Seminar Special:<br />
Netzwerke erfolgreich gestalten und moderieren</h2>
<p data-wahfont="17"><strong>zeitlicher Ablauf:</strong><br />
Montag 07. November 2022, 09:00 bis 16:30<br />
Dienstag 08. November 2021, 09:00 bis 16:30</p>
<p data-wahfont="17"><strong>das Training findet Online auf Zoom Professional statt</strong></p>
<p data-wahfont="17"><strong>nähere Informationen und Anmeldung unter:<br />
</strong>o&#102;&#x66;&#x69;c&#101;&#x40;&#x63;h&#114;&#x69;&#x73;t&#105;&#x61;&#x6e;-&#112;&#x65;&#x72;l&#46;&#97;&#x74;<br />
+43 (0)699/18113855 <strong><br />
</strong></p>
<p data-wahfont="17"><strong>Kosten:</strong> EUR 360,- (+20% Ust.)<strong><br />
</strong>Frühbucherbonus bis 16. Sept. 2022: EUR 320,- (+ 20% Ust.); <strong><br />
Very Early Bird Tarif  </strong>bis 7. Sept. 2022: <strong>EUR 290,- (+ 20% Ust.)</strong><strong><br />
</strong></p>
<p data-wahfont="17">TrainerInnen:<strong><br />
<a href="https://www.anita-hueseman.de/">Anita Hüseman</a></strong>, Hamburg: Moderatorin, Theaterpädagogin und systemische Organisationsberaterin<br />
<strong>Christian Perl</strong>, Wien: Moderator, Moderationstrainer und Kommunikationsberater</p>
<p data-wahfont="17"><div id="accordions-778" class="accordions-778 accordions">
                <div id="accordions-lazy-778" class="accordions-lazy">
                    </div>
        <script>
            (function($) {
                $(window).on("load", function() {
                    $('#accordions-lazy-778').fadeOut();
                    $('#accordions-778 .items').fadeIn();
                })
            })(jQuery);
        </script><style type='text/css'>
        @media only screen and (min-width: 1024px) {
            #accordions-778 {
                width: 100%;
                            }
        }

        @media only screen and (min-width: 768px) and (max-width: 1023px) {
            #accordions-778 {
                width: 100%;
                            }
        }

        @media only screen and (min-width: 0px) and (max-width: 767px) {
            #accordions-778 {
                width: 100%;
                            }
        }

        #accordions-778 .items {
            display: none;
        }

        #accordions-778 .accordions-lazy {
            text-align: center;
            position: absolute;
            top: 50%;
            left: 50%;
            transform: translate(-50%, -50%);
        }

        #accordions-778 {
            text-align: left;
            background: #ffffff url() repeat scroll 0 0;
            position: relative;
        }

        #accordions-778 .accordions-head {
            background: #ffffff none repeat scroll 0 0;
            outline: none;
        }

        #accordions-778 .accordions-head-title {
            color: #000000;
            font-size: 17px;
                    }

        #accordions-778 .accordions-head-title-toggle {
            color: #000000;
            font-size: 17px;
                    }

        #accordions-778 .accordions-head:hover .accordions-head-title {
            color: #ffffff;
                    }

        #accordions-778 .ui-state-active {
            background: #ffffff;
            border: none;
        }

        #accordions-778 .accordion-content {
            background: #ffffff none repeat scroll 0 0;
            color: #000000;
            font-size: 17px;
            border: none;
        }

        #accordions-778 .accordion-icons {
            color: #000000;
            font-size: 17px;
                    }

        #accordions-778 .accordions-head:hover .accordion-icons span {
                    }

        #accordions-778{font-family: 'Georgia', serif !important; font-size: 100% !important; color: #111 !important; }
#accordions-778.accordions-head{font-family: 'Georgia', serif !important; font-size: 100% !important; color: #111 !important;}
#accordions-778.accordion-content{font-family: 'Georgia', serif !important; font-size: 100% !important; color: #11 !important1;}    </style>
<div class="items">
                        <div post_id="778" itemcount="0"   header_id="header-0" id="header-0" style="" class="accordions-head head0 border-none" toggle-text="" main-text="Mehr dazu:">
                                            <span id="accordion-icons-0" class="accordion-icons">
                            <span class="accordion-icon-active accordion-plus"><i class="fa fa-chevron-up"></i></span>
                            <span class="accordion-icon-inactive accordion-minus"><i class="fa fa-chevron-down"></i></span>
                        </span>
                        <span id="header-text-0" class="accordions-head-title">Mehr dazu:</span>
                                    </div>
                <div class="accordion-content content0">
                    <h1>Online Seminar Special:</h1>
<h2>"Wie können wir unsere Netzwerke erfolgreich gestalten und moderieren?"</h2>
<p>Vom Informationsaustausch bis zur Kooperation, von der gemeinsamen Fortbildung bis zur Angebotsplanung – <strong>institutionelle Netzwerke</strong> sollen Perspektivenvielfalt und Synergien ermöglichen. Nicht selten sind Netzwerktreffen aber für Fachkräfte ein weiterer ungeliebter Termin im eh zu vollen Kalender: wiederkehrende Vorstellungsrunden, lange Diskussionen, wenig greifbare Ergebnisse, schleppendes Engagement sind die Folgen fehlender Planung und unzureichender Moderation.</p>
<p><strong>Gestaltung und Moderation von institutionellen Netzwerken </strong>sind deshalb wichtige Aufgaben. Damit wird der Rahmen gesteckt dafür, ob und wie die Beteiligten sich einbringen können, wie Verbindlichkeit gefördert wird und ob am Ende alle das Gefühl haben, dass sich ihr Einsatz lohnt.</p>
<p><strong>Netzwerkarbeit Online</strong> ist dabei nicht nur eine Herausforderung, sondern auch eine große Chance für die Beteiligten – gerade, wenn Akteure aus verschiedenen Regionen zusammenkommen.</p>
<p>In diesem speziellen Training zur <strong>Gestaltung und Moderation</strong> <strong>von (Online-) Netzwerktreffen</strong></p>
<ul>
<li>erhalten Sie eine Einführung in das Grundverständnis institutioneller Netzwerke: ihre wesentlichen Merkmale und Arten, und unter welchen Bedingungen sie erfolgreich arbeiten können</li>
<li>lernen Sie, was es braucht um Netzwerke nachhaltig zu gründen aber auch lebendig erhalten zu können</li>
<li>überlegen wir gemeinsam wie das Spannungsfeld zwischen Koordination, Steuerung und Partizipation in Netzwerken bestmöglich gemeistert werden kann und wie ich als ModeratorIn auch Teil des Netzwerkes sein und mit unterschiedlichen Hüten jonglieren kann</li>
<li>reflektieren Sie mit anderen über die besonderen Chancen, aber auch Grenzen von virtueller Netzwerkarbeit</li>
<li>entwickeln Sie erste Ideen für die professionelle Gestaltung Ihrer Netzwerkarbeit als Videokonferenz oder in Präsenz</li>
</ul>
<p>Methodisch stellen wir Ihnen eine <strong>Auswahl erlebnis- und handlungsorientierter Moderationsmethoden</strong> für eine gewinnbringende Netzwerkarbeit zur Verfügung:</p>
<ul>
<li>Kennenlernen und Vernetzung - oder: wie Kontakt entsteht;</li>
<li>Dialog statt Diskussion - oder: wie ein konstruktiver Austausch in Netzwerken gelingt;</li>
<li>Pro Action Café: wenn nicht alle alles gemeinsam besprechen müssen und dennoch alle gleichzeitig am gemeinsamen Ziel arbeiten</li>
<li>Tools, Tipps und Tricks für eine lebendige partizipative und abwechslungsreiche Netzwerk-Moderation Face to Face, aber auch Online</li>
</ul>
<p><strong>Geeignet für</strong> Netzwerk-, Projektmanager:innen und  Koordinator:innen, Moderator:innen und Fachkräfte, die im Rahmen ihrer beruflichen Tätigkeit in institutionellen Netzwerken arbeiten oder sich in diesen engagieren</p>
<h2>Leitung:</h2>
<h6><img class="alignnone size-medium wp-image-758" src="https://christian-perl.at/wp-content/uploads/2018/01/anita_hueseman_2-300x200.jpg" alt="" width="300" height="200" /><br />
Foto: © Hajü Artus | Anita Hüseman</h6>
<h2>Anita Hüseman, Hamburg</h2>
<p>Moderatorin und systemische Beraterin in Deutschland, Spiel- und Theaterpädagogin, Dipl. Sozialpädagogin. Seit 20 Jahren tätig in der Moderation von (großen) Gruppen, der Prozessbegleitung von Organisationen und Netzwerken und der Konzeptionierung und Durchführung von Unternehmenstheater</p>
<h6><a href="https://christian-perl.at/wp-content/uploads/2017/12/selbstbestimmt_10.jpg"><img class="alignnone size-medium wp-image-261" src="https://christian-perl.at/wp-content/uploads/2017/12/selbstbestimmt_10-300x200.jpg" alt="" width="300" height="200" /><br />
</a>Foto: © Michael Janousek Ι Behindertenrat</h6>
<h2>Christian Perl, Wien</h2>
<p>Moderator und Moderationstrainer im Non-Profit und Profit-Bereich, dialogischer Prozessbegleiter, partizipative Veranstaltungsorganisation und Moderationen nach dem „Art of Hosting“ Modell, praxisorientierte Forschungsprojekte zu den Themen Sozialraumorientierung, Gemeinwesenarbeit und Integration gemeinsam mit der Donau Universität Krems; Gründer von und Mitglied in mehreren Netzwerken: www.christian-perl.at</p>
                </div>
            </div>
    <script>
        (function($) {

            $(document).ready(function() {
                accordions_active_index_778 = [];
                        })
        })(jQuery);
    </script>    <script>
        (function($) {
            $(document).ready(function() {
                accordion_778 = $("#accordions-778 .items").accordion({
                    event: "click",
                    collapsible: true,
                    heightStyle: "content",
                    animate: ("swing", 1000),
                    navigation: true,
                    active: 999,
                    beforeActivate: function(event, ui) {

if(ui.newHeader[0] != undefined){
var disabled = ui.newHeader[0].getAttribute('disabled');

console.log(disabled);
if(disabled == 'disabled'){
event.preventDefault();
}
    


}

},
                });
            })
        })(jQuery);
    </script>
                </div></p>

<p>Netzwerkmoderation¹ Wie können wir institutionelle Netzwerke erfolgreich gestalten und moderieren? Netzwerkarbeit gehört zur beruflichen Notwendigkeit in vielen Arbeitsfeldern. Vom Austausch bis zur Kooperation, von der Interessensvertretung bis zur Angebotsplanung &#8211; institutionelle Netzwerke sollen Perspektivenvielfalt und Synergien ermöglichen. Nicht selten sind Netzwerktreffen aber für Fachkräfte ein weiterer ungeliebter Termin im allzu vollen Terminkalender: wiederkehrende Vorstellungsrunden, lange [&hellip;]</p>
