{"id":370,"date":"2017-12-18T11:38:39","date_gmt":"2017-12-18T10:38:39","guid":{"rendered":"http:\/\/christian-perl.at\/?page_id=370"},"modified":"2023-02-20T09:46:48","modified_gmt":"2023-02-20T08:46:48","slug":"meetings-und-workshops","status":"publish","type":"page","link":"http:\/\/christian-perl.at\/en\/meetings-und-workshops\/","title":{"rendered":"Teams: Meetings und Workshops"},"content":{"rendered":"<h1>Teams und Meetings dialogisch, kreativ und kraftvoll gestalten und moderieren<\/h1>\n<ul>\n<li>Wie k\u00f6nnen wir unsere Meetings kreativ und kraftvoll gestalten?<\/li>\n<li>Was k\u00f6nnen wir tun, um die Verbindung im Team, das Miteinander zu st\u00e4rken und die Zusammenarbeit zu verbesseren<\/li>\n<li>Wie k\u00f6nnen wir vorhandenes Wissen in unserer Organisation besser nutzen?<\/li>\n<li>Wie kann es uns gelingen, einen gemeinsamen Denkprozess, auch unterschiedlicher Ebenen, zu initiieren und geeignet zu f\u00fchren?<\/li>\n<li>Was ist die einfachste Struktur, damit wir unseren Herausforderungen nachkommen k\u00f6nnen?<\/li>\n<\/ul>\n<p>Wenn Sie eine dieser oder \u00e4hnliche Fragen beantworten m\u00f6chten, kontaktieren Sie mich f\u00fcr eine unverbindliche Erstberatung. Gerne unterst\u00fctze ich Sie dabei, Ihre Meetings, Worksops und Klausuren und Events so zu veranstalten und zu moderieren, dass Sie zu guten L\u00f6sungen kommen und als Gemeinschaft zusammenwachsen k\u00f6nnen.<\/p>","protected":false},"excerpt":{"rendered":"<p>Teams und Meetings dialogisch, kreativ und kraftvoll gestalten und moderieren Wie k\u00f6nnen wir unsere Meetings kreativ und kraftvoll gestalten? Was k\u00f6nnen wir tun, um die Verbindung im Team, das Miteinander zu st\u00e4rken und die Zusammenarbeit zu verbesseren Wie k\u00f6nnen wir vorhandenes Wissen in unserer Organisation besser nutzen? Wie kann es uns gelingen, einen gemeinsamen Denkprozess, [&hellip;]<\/p>","protected":false},"author":1,"featured_media":393,"parent":0,"menu_order":0,"comment_status":"closed","ping_status":"closed","template":"","meta":[],"_links":{"self":[{"href":"http:\/\/christian-perl.at\/en\/wp-json\/wp\/v2\/pages\/370"}],"collection":[{"href":"http:\/\/christian-perl.at\/en\/wp-json\/wp\/v2\/pages"}],"about":[{"href":"http:\/\/christian-perl.at\/en\/wp-json\/wp\/v2\/types\/page"}],"author":[{"embeddable":true,"href":"http:\/\/christian-perl.at\/en\/wp-json\/wp\/v2\/users\/1"}],"replies":[{"embeddable":true,"href":"http:\/\/christian-perl.at\/en\/wp-json\/wp\/v2\/comments?post=370"}],"version-history":[{"count":20,"href":"http:\/\/christian-perl.at\/en\/wp-json\/wp\/v2\/pages\/370\/revisions"}],"predecessor-version":[{"id":3209,"href":"http:\/\/christian-perl.at\/en\/wp-json\/wp\/v2\/pages\/370\/revisions\/3209"}],"wp:featuredmedia":[{"embeddable":true,"href":"http:\/\/christian-perl.at\/en\/wp-json\/wp\/v2\/media\/393"}],"wp:attachment":[{"href":"http:\/\/christian-perl.at\/en\/wp-json\/wp\/v2\/media?parent=370"}],"curies":[{"name":"wp","href":"https:\/\/api.w.org\/{rel}","templated":true}]}}

<h1>Teams und Meetings dialogisch, kreativ und kraftvoll gestalten und moderieren</h1>
<ul>
<li>Wie können wir unsere Meetings kreativ und kraftvoll gestalten?</li>
<li>Was können wir tun, um die Verbindung im Team, das Miteinander zu stärken und die Zusammenarbeit zu verbesseren</li>
<li>Wie können wir vorhandenes Wissen in unserer Organisation besser nutzen?</li>
<li>Wie kann es uns gelingen, einen gemeinsamen Denkprozess, auch unterschiedlicher Ebenen, zu initiieren und geeignet zu führen?</li>
<li>Was ist die einfachste Struktur, damit wir unseren Herausforderungen nachkommen können?</li>
</ul>
<p>Wenn Sie eine dieser oder ähnliche Fragen beantworten möchten, kontaktieren Sie mich für eine unverbindliche Erstberatung. Gerne unterstütze ich Sie dabei, Ihre Meetings, Worksops und Klausuren und Events so zu veranstalten und zu moderieren, dass Sie zu guten Lösungen kommen und als Gemeinschaft zusammenwachsen können.</p>

<p>Teams und Meetings dialogisch, kreativ und kraftvoll gestalten und moderieren Wie können wir unsere Meetings kreativ und kraftvoll gestalten? Was können wir tun, um die Verbindung im Team, das Miteinander zu stärken und die Zusammenarbeit zu verbesseren Wie können wir vorhandenes Wissen in unserer Organisation besser nutzen? Wie kann es uns gelingen, einen gemeinsamen Denkprozess, [&hellip;]</p>
