{"id":368,"date":"2017-12-18T11:38:22","date_gmt":"2017-12-18T10:38:22","guid":{"rendered":"http:\/\/christian-perl.at\/?page_id=368"},"modified":"2023-04-27T10:50:37","modified_gmt":"2023-04-27T08:50:37","slug":"tagungen-und-konferenzen","status":"publish","type":"page","link":"http:\/\/christian-perl.at\/en\/tagungen-und-konferenzen\/","title":{"rendered":"Tagungen"},"content":{"rendered":"<h1>Tagungen und Konferenzen<\/h1>\n<p>Jede gelungene Konferenz oder Fachtagung ben\u00f6tigt die richtige Mischung aus Wissensvermittlung, Partizipation der Teilnehmenden und geeignete M\u00f6glichkeiten f\u00fcr Vernetzung und Austausch. Lebendige, <a href=\"http:\/\/christian-perl.at\/en\/methoden\/\">partizipative und interaktive Methoden<\/a> der Moderation erm\u00f6glichen es den Teilnehmenden, das vermittelte Wissen besser aufzunehmen und den fachlichen Austausch zu vertiefen.<\/p>\n<h2>Konferenzen und Tagungen lebendig und partizipativ gestalten<\/h2>\n<p><em>Sie planen eine Konferenz oder Fachtagung und w\u00fcrden gerne mal was Neues ausprobieren?<\/em><\/p>\n<p><em>Sie wollen in Ihrer Veranstaltung Lebendigkeit und Beteiligung erm\u00f6glichen und gleichzeitig f\u00fcr eine produktive Struktur sorgen?<\/em><\/p>\n<p><em>Sie wollen wichtiges Wissen vermitteln und die Teilnehmenden dabei von Anfang an einbeziehen und ihnen einen nachhaltigen Transfer in die eigene Praxis erm\u00f6glichen?<\/em><\/p>\n<p><em>Sie m\u00f6chten in kurzer Zeit viel Energie und Motivation der Teilnehmenden gewinnen und n\u00e4chste Schritte f\u00fcr die weitere Entwicklung gemeinsam planen?<\/em><\/p>\n<hr \/>\n<h2>Neugierig geworden?<\/h2>\n<p>Dann freue ich mich auf Ihre Kontaktaufnahme.<\/p>\n<hr \/>\n<h2>Aktuelles Workshop-Angebot:<\/h2>\n<h2>Gro\u00dfe Gruppen bewegen<\/h2>\n<p><strong>Methoden Workshop Gro\u00dfgruppen-Moderation <\/strong><br \/>am 02.\/03. Mai 2023 in Wien<\/p>\n<p>Kosten: EUR 360,\u2014 (+ 20% Ust.)<br \/><strong>Early Bird<\/strong> bis 24. M\u00e4rz 2023:\u00a0 <strong>EUR 320,\u2014<\/strong> (+ 20% Ust.)<\/p>\n<p>Leitung: Christian Perl, Wien | Anita H\u00fcseman, Hamburg<br \/>Anfragen und Anmeldungen unter:\u00a0<a href=\"\/en\/ma&\/#105;&#108;&#116;&#111;&#x3a;&#x6f;&#x66;&#x66;&#x69;ce&#64;&#99;&#104;&#114;&#x69;&#x73;&#x74;&#x69;&#x61;n-&#112;&#101;&#114;&#108;&#x2e;&#x61;&#x74;\">&#x6f;f&#x66;&#105;&#x63;&#101;&#64;&#x63;h&#x72;&#105;&#x73;&#116;i&#x61;&#110;&#x2d;&#112;e&#x72;l&#x2e;&#97;&#x74;<\/a><\/p>\n<p><strong>ausgebucht: keine Anmeldungen mehr m\u00f6glich<\/strong><\/p>\n<div id=\"accordions-1365\" class=\"accordions-1365 accordions\">\r\n                <div id=\"accordions-lazy-1365\" class=\"accordions-lazy\">\r\n                    <\/div>\r\n        <script>\r\n            (function($) {\r\n                $(window).on(\"load\", function() {\r\n                    $('#accordions-lazy-1365').fadeOut();\r\n                    $('#accordions-1365 .items').fadeIn();\r\n                })\r\n            })(jQuery);\r\n        <\/script><style type='text\/css'>\r\n        @media only screen and (min-width: 1024px) {\r\n            #accordions-1365 {\r\n                width: 100%;\r\n                            }\r\n        }\r\n\r\n        @media only screen and (min-width: 768px) and (max-width: 1023px) {\r\n            #accordions-1365 {\r\n                width: 100%;\r\n                            }\r\n        }\r\n\r\n        @media only screen and (min-width: 0px) and (max-width: 767px) {\r\n            #accordions-1365 {\r\n                width: 100%;\r\n                            }\r\n        }\r\n\r\n        #accordions-1365 .items {\r\n            display: none;\r\n        }\r\n\r\n        #accordions-1365 .accordions-lazy {\r\n            text-align: center;\r\n            position: absolute;\r\n            top: 50%;\r\n            left: 50%;\r\n            transform: translate(-50%, -50%);\r\n        }\r\n\r\n        #accordions-1365 {\r\n            text-align: left;\r\n            background: #ffffff url() repeat scroll 0 0;\r\n            position: relative;\r\n        }\r\n\r\n        #accordions-1365 .accordions-head {\r\n            background: #ffffff none repeat scroll 0 0;\r\n            outline: none;\r\n        }\r\n\r\n        #accordions-1365 .accordions-head-title {\r\n            color: #000000;\r\n            font-size: 17px;\r\n                    }\r\n\r\n        #accordions-1365 .accordions-head-title-toggle {\r\n            color: #000000;\r\n            font-size: 17px;\r\n                    }\r\n\r\n        #accordions-1365 .accordions-head:hover .accordions-head-title {\r\n            color: #ffffff;\r\n                    }\r\n\r\n        #accordions-1365 .ui-state-active {\r\n            background: #ffffff;\r\n            border: none;\r\n        }\r\n\r\n        #accordions-1365 .accordion-content {\r\n            background: #ffffff none repeat scroll 0 0;\r\n            color: #333333;\r\n            font-size: 17px;\r\n            border: none;\r\n        }\r\n\r\n        #accordions-1365 .accordion-icons {\r\n            color: #000000;\r\n            font-size: 17px;\r\n                    }\r\n\r\n        #accordions-1365 .accordions-head:hover .accordion-icons span {\r\n                    }\r\n\r\n        #accordions-1365{font-family: 'Georgia', serif !important; font-size: 100% !important; color: #111 !important;}\r\n#accordions-1365 .accordions-head{font-family: 'Georgia', serif !important; font-size: 100% !important; color: #111 !important;}\r\n#accordions-1365 .accordion-content{font-family: 'Georgia', serif !important; font-size: 100% !important; color: #11 !important1;}    <\/style>\r\n<div class=\"items\">\r\n                        <div post_id=\"1365\" itemcount=\"0\"   header_id=\"header-0\" id=\"header-0\" style=\"\" class=\"accordions-head head0 border-none\" toggle-text=\"\" main-text=\"Gro\u00dfe Gruppen bewegen\">\r\n                                            <span id=\"accordion-icons-0\" class=\"accordion-icons\">\r\n                            <span class=\"accordion-icon-active accordion-plus\"><i class=\"fa fa-chevron-up\"><\/i><\/span>\r\n                            <span class=\"accordion-icon-inactive accordion-minus\"><i class=\"fa fa-chevron-down\"><\/i><\/span>\r\n                        <\/span>\r\n                        <span id=\"header-text-0\" class=\"accordions-head-title\">Gro\u00dfe Gruppen bewegen<\/span>\r\n                                    <\/div>\r\n                <div class=\"accordion-content content0\">\r\n                    <h2 style=\"margin-top: 25px;line-height: 23.375px\"><strong>\"Gro\u00dfe Gruppen bewegen\"<\/strong><\/h2>\n<h2><strong>Methoden Workshop Moderation<\/strong><\/h2>\n<p><em>Sie m\u00f6chten eine gro\u00dfe Konferenz oder Tagung organisieren oder moderieren? Sie wollen dabei sowohl wichtiges Wissen vermitteln als auch alle Teilnehmenden einbeziehen und ihnen einen guten Transfer in die eigene Praxis erm\u00f6glichen?<br \/>\n<\/em><em>Sie m\u00f6chten im Rahmen einer Veranstaltung in kurzer Zeit viel Energie und Motivation der Teilnehmenden gewinnen und n\u00e4chste Schritte f\u00fcr die weitere Entwicklung gemeinsam planen?<br \/>\nSie wollen in Ihrer Veranstaltung Lebendigkeit und Beteiligung erm\u00f6glichen und gleichzeitig f\u00fcr eine produktive Struktur sorgen?<br \/>\n<\/em><\/p>\n<p>Damit es in gr\u00f6\u00dferen Gruppen gelingt, das \"Potential der Vielen\" zu entfachen, zu nutzen und Emergenz zu erm\u00f6glichen, ben\u00f6tigt es ein gutes Zusammenspiel aus Vorbereitung, Methodenauswahl und lebendiger, partizipativer Moderation.<\/p>\n<p>Denn die Organisation und Moderation von mittleren und gro\u00dfen Veranstaltungen unterliegt eigenen Anforderungen: W\u00e4hrend beispielsweise bei kleineren Gruppen im Rahmen eines \u201eCheck Ins\u201c jede*r Teilnehmende sich vor der ganzen Gruppe vorstellen kann, bedarf ein gelungener Anfang bei gr\u00f6\u00dferen Veranstaltungen anderer Methoden. Auch Phasen, bei denen die ganze Gruppe gemeinsam etwas bearbeiten soll, ben\u00f6tigen in gr\u00f6\u00dferen Gruppen spezifische Moderations-Formate. Dies alles gilt umso mehr bei Tagungen mit mehreren Hundert Teilnehmenden.<\/p>\n<p>In diesem interaktiven Seminar stellen wir Ihnen unterschiedliche Methoden der Moderation von mittleren und gro\u00dfen Gruppen vor, spielen einzelne Formate mit Ihnen durch und erl\u00e4utern an Hand von Beispielen konkrete Abl\u00e4ufe und Variationen. Dabei wollen wir uns folgenden Fragen widmen:<\/p>\n<ul>\n<li>Wie k\u00f6nnen wir in gro\u00dfen Veranstaltungen wirklich alle zu Wort kommen lassen und beteiligen?<\/li>\n<li style=\"line-height: 28.9px\">Welches Veranstaltungsformat, welche Moderations-Tools und welche zeitlichen Abl\u00e4ufe unterst\u00fctzen mein Ziel und mein Thema am besten?<\/li>\n<li>Welche M\u00f6glichkeiten gibt es, in gro\u00dfen Veranstaltungen Ergebnisse zu sichern? Wie ernten wir das Wissen aus Vortr\u00e4gen oder Kleingruppenarbeiten?<\/li>\n<li>Wie k\u00f6nnen wir \u00fcber relevante Fragen so miteinander nachdenken, dass wirklich etwas Neues entstehen kann?<\/li>\n<li>Und wie k\u00f6nnen wir unsere Gruppen so in Bewegung bringen, dass sich alle mit Freude und Engagement einbringen k\u00f6nnen und Energie frei wird?<\/li>\n<\/ul>\n<h2>F\u00fcr wen ist dieses Moderations-Training gedacht?<\/h2>\n<ul>\n<li>Geeignet f\u00fcr alle, die Konferenzen oder Tagungen, Versammlungen, Teams oder B\u00fcrgerforen organisieren und\/oder moderieren<\/li>\n<li>Alle, die in ihren Veranstaltungen mehr Lebendigkeit, Beteiligung und eine produktive Struktur erm\u00f6glichen wollen.<\/li>\n<\/ul>\n<h2>Methodenauswahl:<\/h2>\n<p><strong>Kennenlernen und Check In - <\/strong>Interaktion und Bewegung, Energie und Beteiligung von Anfang an<\/p>\n<p><strong>World Caf\u00e9 <\/strong>\u2013 erm\u00f6glicht einen konzentrierten und zielgerichteten Austausch zu einem Thema \u2013 und das alles mit der Leichtigkeit und ungezwungenen Atmosph\u00e4re eines Kaffeehauses. Dabei ist ein World Caf\u00e9 mehr als nur Tische wechseln.<\/p>\n<p><strong>Open Space<\/strong> \u2013 mit gro\u00dfem Vertrauen in die Expertise und die Selbstorganisationskr\u00e4fte einer Gruppe er\u00f6ffnet diese Methode den Raum f\u00fcr Fragen und Themen der Teilnehmenden und setzt damit konstruktive Energie und Schaffenskraft frei.<\/p>\n<p><strong>Der Dialog<\/strong> \u2013 unterst\u00fctzt Gruppen dabei, komplexe Themen angemessen zu besprechen, zu guten L\u00f6sungen zu kommen und als Gruppe zusammenzuwachsen. Dabei wird der Beitrag jedes Gruppenmitglieds f\u00fcr die Weiterentwicklung der Gruppe oder der Organisation als unentbehrlich betrachtet. Gegenseitiger Respekt, einander zuh\u00f6ren, sich authentisch mitteilen und Meinungen nebeneinander und nicht gegeneinander zu setzen stehen im Mittelpunkt dieser Kommunikationsform.<\/p>\n<p><strong>Fishbowl als Dialog<\/strong> \u2013 spannende Alternative zur herk\u00f6mmlichen Podiumsdiskussion, bei der die \u00fcbliche Trennung zwischen Expert*innen auf einem Podium und Publikum durch ein dialogisches Setting \u00fcberwunden werden kann.\u00a0\u00a0 <strong>\u00a0\u00a0<\/strong><\/p>\n<h2>Leitung:<\/h2>\n<h6><a href=\"https:\/\/christian-perl.at\/wp-content\/uploads\/2017\/12\/selbstbestimmt_10.jpg\"><img class=\"alignnone size-medium wp-image-261\" src=\"https:\/\/christian-perl.at\/wp-content\/uploads\/2017\/12\/selbstbestimmt_10-300x200.jpg\" alt=\"\" \/><br \/>\n<\/a>Foto:\u00a0\u00a9 Michael Janousek\u00a0\u0399 Behindertenrat<\/h6>\n<h2>Christian Perl, Wien<\/h2>\n<p>Jurist und Moderator, Trainer im Non-Profit- und Profit-Bereich, zahlreiche partizipative Veranstaltungsorganisationen und Moderationen nach dem \u201eArt of Hosting\u201c Modell, praxisorientierte Forschungsprojekte zum Thema Sozialraumentwicklung gemeinsam mit der Donau Universit\u00e4t Krems;<br \/>\nwww.christian-perl.at<\/p>\n<p><strong>N\u00e4here Informationen, Anfragen und Anmeldung an:<br \/>\n<\/strong>Mag. Christian Perl<br \/>\n+43 (0)699\/ 1811 3855<br \/>\n&#x63;&#x68;&#114;&#105;s&#x74;&#x69;&#x61;&#110;&#46;p&#x65;&#x72;&#108;&#64;c&#x68;&#x65;&#x6c;&#108;o&#46;&#x61;&#x74;<\/p>\n                <\/div>\r\n            <\/div>\r\n    <script>\r\n        (function($) {\r\n\r\n            $(document).ready(function() {\r\n                accordions_active_index_1365 = [];\r\n                        })\r\n        })(jQuery);\r\n    <\/script>    <script>\r\n        (function($) {\r\n            $(document).ready(function() {\r\n                accordion_1365 = $(\"#accordions-1365 .items\").accordion({\r\n                    event: \"click\",\r\n                    collapsible: true,\r\n                    heightStyle: \"content\",\r\n                    animate: (\"swing\", 1000),\r\n                    navigation: true,\r\n                    active: 999,\r\n                    beforeActivate: function(event, ui) {\r\n\r\nif(ui.newHeader[0] != undefined){\r\nvar disabled = ui.newHeader[0].getAttribute('disabled');\r\n\r\nconsole.log(disabled);\r\nif(disabled == 'disabled'){\r\nevent.preventDefault();\r\n}\r\n    \r\n\r\n\r\n}\r\n\r\n},\r\n                });\r\n            })\r\n        })(jQuery);\r\n    <\/script>\r\n                <\/div>\n<p>\u00a0<\/p>\n\n\n<p><\/p>","protected":false},"excerpt":{"rendered":"<p>Tagungen und Konferenzen Jede gelungene Konferenz oder Fachtagung ben\u00f6tigt die richtige Mischung aus Wissensvermittlung, Partizipation der Teilnehmenden und geeignete M\u00f6glichkeiten f\u00fcr Vernetzung und Austausch. Lebendige, partizipative und interaktive Methoden der Moderation erm\u00f6glichen es den Teilnehmenden, das vermittelte Wissen besser aufzunehmen und den fachlichen Austausch zu vertiefen. Konferenzen und Tagungen lebendig und partizipativ gestalten Sie planen [&hellip;]<\/p>","protected":false},"author":1,"featured_media":393,"parent":0,"menu_order":0,"comment_status":"closed","ping_status":"closed","template":"","meta":[],"_links":{"self":[{"href":"http:\/\/christian-perl.at\/en\/wp-json\/wp\/v2\/pages\/368"}],"collection":[{"href":"http:\/\/christian-perl.at\/en\/wp-json\/wp\/v2\/pages"}],"about":[{"href":"http:\/\/christian-perl.at\/en\/wp-json\/wp\/v2\/types\/page"}],"author":[{"embeddable":true,"href":"http:\/\/christian-perl.at\/en\/wp-json\/wp\/v2\/users\/1"}],"replies":[{"embeddable":true,"href":"http:\/\/christian-perl.at\/en\/wp-json\/wp\/v2\/comments?post=368"}],"version-history":[{"count":30,"href":"http:\/\/christian-perl.at\/en\/wp-json\/wp\/v2\/pages\/368\/revisions"}],"predecessor-version":[{"id":3225,"href":"http:\/\/christian-perl.at\/en\/wp-json\/wp\/v2\/pages\/368\/revisions\/3225"}],"wp:featuredmedia":[{"embeddable":true,"href":"http:\/\/christian-perl.at\/en\/wp-json\/wp\/v2\/media\/393"}],"wp:attachment":[{"href":"http:\/\/christian-perl.at\/en\/wp-json\/wp\/v2\/media?parent=368"}],"curies":[{"name":"wp","href":"https:\/\/api.w.org\/{rel}","templated":true}]}}

<h1>Tagungen und Konferenzen</h1>
<p>Jede gelungene Konferenz oder Fachtagung benötigt die richtige Mischung aus Wissensvermittlung, Partizipation der Teilnehmenden und geeignete Möglichkeiten für Vernetzung und Austausch. Lebendige, <a href="http://christian-perl.at/en/methoden/">partizipative und interaktive Methoden</a> der Moderation ermöglichen es den Teilnehmenden, das vermittelte Wissen besser aufzunehmen und den fachlichen Austausch zu vertiefen.</p>
<h2>Konferenzen und Tagungen lebendig und partizipativ gestalten</h2>
<p><em>Sie planen eine Konferenz oder Fachtagung und würden gerne mal was Neues ausprobieren?</em></p>
<p><em>Sie wollen in Ihrer Veranstaltung Lebendigkeit und Beteiligung ermöglichen und gleichzeitig für eine produktive Struktur sorgen?</em></p>
<p><em>Sie wollen wichtiges Wissen vermitteln und die Teilnehmenden dabei von Anfang an einbeziehen und ihnen einen nachhaltigen Transfer in die eigene Praxis ermöglichen?</em></p>
<p><em>Sie möchten in kurzer Zeit viel Energie und Motivation der Teilnehmenden gewinnen und nächste Schritte für die weitere Entwicklung gemeinsam planen?</em></p>
<hr />
<h2>Neugierig geworden?</h2>
<p>Dann freue ich mich auf Ihre Kontaktaufnahme.</p>
<hr />
<h2>Aktuelles Workshop-Angebot:</h2>
<h2>Große Gruppen bewegen</h2>
<p><strong>Methoden Workshop Großgruppen-Moderation </strong><br />am 02./03. Mai 2023 in Wien</p>
<p>Kosten: EUR 360,— (+ 20% Ust.)<br /><strong>Early Bird</strong> bis 24. März 2023:  <strong>EUR 320,—</strong> (+ 20% Ust.)</p>
<p>Leitung: Christian Perl, Wien | Anita Hüseman, Hamburg<br />Anfragen und Anmeldungen unter: <a href="/en/ma&/#105;&#108;&#116;&#111;&#x3a;&#x6f;&#x66;&#x66;&#x69;ce&#64;&#99;&#104;&#114;&#x69;&#x73;&#x74;&#x69;&#x61;n-&#112;&#101;&#114;&#108;&#x2e;&#x61;&#x74;">&#x6f;f&#x66;&#105;&#x63;&#101;&#64;&#x63;h&#x72;&#105;&#x73;&#116;i&#x61;&#110;&#x2d;&#112;e&#x72;l&#x2e;&#97;&#x74;</a></p>
<p><strong>ausgebucht: keine Anmeldungen mehr möglich</strong></p>
<div id="accordions-1365" class="accordions-1365 accordions">
                <div id="accordions-lazy-1365" class="accordions-lazy">
                    </div>
        <script>
            (function($) {
                $(window).on("load", function() {
                    $('#accordions-lazy-1365').fadeOut();
                    $('#accordions-1365 .items').fadeIn();
                })
            })(jQuery);
        </script><style type='text/css'>
        @media only screen and (min-width: 1024px) {
            #accordions-1365 {
                width: 100%;
                            }
        }

        @media only screen and (min-width: 768px) and (max-width: 1023px) {
            #accordions-1365 {
                width: 100%;
                            }
        }

        @media only screen and (min-width: 0px) and (max-width: 767px) {
            #accordions-1365 {
                width: 100%;
                            }
        }

        #accordions-1365 .items {
            display: none;
        }

        #accordions-1365 .accordions-lazy {
            text-align: center;
            position: absolute;
            top: 50%;
            left: 50%;
            transform: translate(-50%, -50%);
        }

        #accordions-1365 {
            text-align: left;
            background: #ffffff url() repeat scroll 0 0;
            position: relative;
        }

        #accordions-1365 .accordions-head {
            background: #ffffff none repeat scroll 0 0;
            outline: none;
        }

        #accordions-1365 .accordions-head-title {
            color: #000000;
            font-size: 17px;
                    }

        #accordions-1365 .accordions-head-title-toggle {
            color: #000000;
            font-size: 17px;
                    }

        #accordions-1365 .accordions-head:hover .accordions-head-title {
            color: #ffffff;
                    }

        #accordions-1365 .ui-state-active {
            background: #ffffff;
            border: none;
        }

        #accordions-1365 .accordion-content {
            background: #ffffff none repeat scroll 0 0;
            color: #333333;
            font-size: 17px;
            border: none;
        }

        #accordions-1365 .accordion-icons {
            color: #000000;
            font-size: 17px;
                    }

        #accordions-1365 .accordions-head:hover .accordion-icons span {
                    }

        #accordions-1365{font-family: 'Georgia', serif !important; font-size: 100% !important; color: #111 !important;}
#accordions-1365 .accordions-head{font-family: 'Georgia', serif !important; font-size: 100% !important; color: #111 !important;}
#accordions-1365 .accordion-content{font-family: 'Georgia', serif !important; font-size: 100% !important; color: #11 !important1;}    </style>
<div class="items">
                        <div post_id="1365" itemcount="0"   header_id="header-0" id="header-0" style="" class="accordions-head head0 border-none" toggle-text="" main-text="Große Gruppen bewegen">
                                            <span id="accordion-icons-0" class="accordion-icons">
                            <span class="accordion-icon-active accordion-plus"><i class="fa fa-chevron-up"></i></span>
                            <span class="accordion-icon-inactive accordion-minus"><i class="fa fa-chevron-down"></i></span>
                        </span>
                        <span id="header-text-0" class="accordions-head-title">Große Gruppen bewegen</span>
                                    </div>
                <div class="accordion-content content0">
                    <h2 style="margin-top: 25px;line-height: 23.375px"><strong>"Große Gruppen bewegen"</strong></h2>
<h2><strong>Methoden Workshop Moderation</strong></h2>
<p><em>Sie möchten eine große Konferenz oder Tagung organisieren oder moderieren? Sie wollen dabei sowohl wichtiges Wissen vermitteln als auch alle Teilnehmenden einbeziehen und ihnen einen guten Transfer in die eigene Praxis ermöglichen?<br />
</em><em>Sie möchten im Rahmen einer Veranstaltung in kurzer Zeit viel Energie und Motivation der Teilnehmenden gewinnen und nächste Schritte für die weitere Entwicklung gemeinsam planen?<br />
Sie wollen in Ihrer Veranstaltung Lebendigkeit und Beteiligung ermöglichen und gleichzeitig für eine produktive Struktur sorgen?<br />
</em></p>
<p>Damit es in größeren Gruppen gelingt, das "Potential der Vielen" zu entfachen, zu nutzen und Emergenz zu ermöglichen, benötigt es ein gutes Zusammenspiel aus Vorbereitung, Methodenauswahl und lebendiger, partizipativer Moderation.</p>
<p>Denn die Organisation und Moderation von mittleren und großen Veranstaltungen unterliegt eigenen Anforderungen: Während beispielsweise bei kleineren Gruppen im Rahmen eines „Check Ins“ jede*r Teilnehmende sich vor der ganzen Gruppe vorstellen kann, bedarf ein gelungener Anfang bei größeren Veranstaltungen anderer Methoden. Auch Phasen, bei denen die ganze Gruppe gemeinsam etwas bearbeiten soll, benötigen in größeren Gruppen spezifische Moderations-Formate. Dies alles gilt umso mehr bei Tagungen mit mehreren Hundert Teilnehmenden.</p>
<p>In diesem interaktiven Seminar stellen wir Ihnen unterschiedliche Methoden der Moderation von mittleren und großen Gruppen vor, spielen einzelne Formate mit Ihnen durch und erläutern an Hand von Beispielen konkrete Abläufe und Variationen. Dabei wollen wir uns folgenden Fragen widmen:</p>
<ul>
<li>Wie können wir in großen Veranstaltungen wirklich alle zu Wort kommen lassen und beteiligen?</li>
<li style="line-height: 28.9px">Welches Veranstaltungsformat, welche Moderations-Tools und welche zeitlichen Abläufe unterstützen mein Ziel und mein Thema am besten?</li>
<li>Welche Möglichkeiten gibt es, in großen Veranstaltungen Ergebnisse zu sichern? Wie ernten wir das Wissen aus Vorträgen oder Kleingruppenarbeiten?</li>
<li>Wie können wir über relevante Fragen so miteinander nachdenken, dass wirklich etwas Neues entstehen kann?</li>
<li>Und wie können wir unsere Gruppen so in Bewegung bringen, dass sich alle mit Freude und Engagement einbringen können und Energie frei wird?</li>
</ul>
<h2>Für wen ist dieses Moderations-Training gedacht?</h2>
<ul>
<li>Geeignet für alle, die Konferenzen oder Tagungen, Versammlungen, Teams oder Bürgerforen organisieren und/oder moderieren</li>
<li>Alle, die in ihren Veranstaltungen mehr Lebendigkeit, Beteiligung und eine produktive Struktur ermöglichen wollen.</li>
</ul>
<h2>Methodenauswahl:</h2>
<p><strong>Kennenlernen und Check In - </strong>Interaktion und Bewegung, Energie und Beteiligung von Anfang an</p>
<p><strong>World Café </strong>– ermöglicht einen konzentrierten und zielgerichteten Austausch zu einem Thema – und das alles mit der Leichtigkeit und ungezwungenen Atmosphäre eines Kaffeehauses. Dabei ist ein World Café mehr als nur Tische wechseln.</p>
<p><strong>Open Space</strong> – mit großem Vertrauen in die Expertise und die Selbstorganisationskräfte einer Gruppe eröffnet diese Methode den Raum für Fragen und Themen der Teilnehmenden und setzt damit konstruktive Energie und Schaffenskraft frei.</p>
<p><strong>Der Dialog</strong> – unterstützt Gruppen dabei, komplexe Themen angemessen zu besprechen, zu guten Lösungen zu kommen und als Gruppe zusammenzuwachsen. Dabei wird der Beitrag jedes Gruppenmitglieds für die Weiterentwicklung der Gruppe oder der Organisation als unentbehrlich betrachtet. Gegenseitiger Respekt, einander zuhören, sich authentisch mitteilen und Meinungen nebeneinander und nicht gegeneinander zu setzen stehen im Mittelpunkt dieser Kommunikationsform.</p>
<p><strong>Fishbowl als Dialog</strong> – spannende Alternative zur herkömmlichen Podiumsdiskussion, bei der die übliche Trennung zwischen Expert*innen auf einem Podium und Publikum durch ein dialogisches Setting überwunden werden kann.   <strong>  </strong></p>
<h2>Leitung:</h2>
<h6><a href="https://christian-perl.at/wp-content/uploads/2017/12/selbstbestimmt_10.jpg"><img class="alignnone size-medium wp-image-261" src="https://christian-perl.at/wp-content/uploads/2017/12/selbstbestimmt_10-300x200.jpg" alt="" /><br />
</a>Foto: © Michael Janousek Ι Behindertenrat</h6>
<h2>Christian Perl, Wien</h2>
<p>Jurist und Moderator, Trainer im Non-Profit- und Profit-Bereich, zahlreiche partizipative Veranstaltungsorganisationen und Moderationen nach dem „Art of Hosting“ Modell, praxisorientierte Forschungsprojekte zum Thema Sozialraumentwicklung gemeinsam mit der Donau Universität Krems;<br />
www.christian-perl.at</p>
<p><strong>Nähere Informationen, Anfragen und Anmeldung an:<br />
</strong>Mag. Christian Perl<br />
+43 (0)699/ 1811 3855<br />
&#x63;&#x68;&#114;&#105;s&#x74;&#x69;&#x61;&#110;&#46;p&#x65;&#x72;&#108;&#64;c&#x68;&#x65;&#x6c;&#108;o&#46;&#x61;&#x74;</p>
                </div>
            </div>
    <script>
        (function($) {

            $(document).ready(function() {
                accordions_active_index_1365 = [];
                        })
        })(jQuery);
    </script>    <script>
        (function($) {
            $(document).ready(function() {
                accordion_1365 = $("#accordions-1365 .items").accordion({
                    event: "click",
                    collapsible: true,
                    heightStyle: "content",
                    animate: ("swing", 1000),
                    navigation: true,
                    active: 999,
                    beforeActivate: function(event, ui) {

if(ui.newHeader[0] != undefined){
var disabled = ui.newHeader[0].getAttribute('disabled');

console.log(disabled);
if(disabled == 'disabled'){
event.preventDefault();
}
    


}

},
                });
            })
        })(jQuery);
    </script>
                </div>
<p> </p>


<p></p>

<p>Tagungen und Konferenzen Jede gelungene Konferenz oder Fachtagung benötigt die richtige Mischung aus Wissensvermittlung, Partizipation der Teilnehmenden und geeignete Möglichkeiten für Vernetzung und Austausch. Lebendige, partizipative und interaktive Methoden der Moderation ermöglichen es den Teilnehmenden, das vermittelte Wissen besser aufzunehmen und den fachlichen Austausch zu vertiefen. Konferenzen und Tagungen lebendig und partizipativ gestalten Sie planen [&hellip;]</p>
